st the prime factors of z.
2, 3, 13
Let k(x) be the first derivative of x**3/3 + 3*x**2 - 19*x + 4. What are the prime factors of k(-9)?
2
Let m be (3 - 0)/((-2)/(-2)). Suppose j = 3*j - 6. Suppose -j*u + 64 = u - 2*t, -m*t - 16 = -u. List the prime factors of u.
2
Let v = 42 - 11. Let c = 53 - v. List the prime factors of c.
2, 11
Let t be (0 + -2)*(-221)/26. Suppose -2*f = 3*f - 4*o - 41, t = f - 3*o. List the prime factors of f/(16 + 4)*8.
2
Suppose -11*a + 20*a - 11529 = 0. What are the prime factors of a?
3, 7, 61
Suppose y - 2*o = 700, -3*o - 305 = -y + 396. List the prime factors of y.
2, 349
Let q(v) = 13*v**2 + v - 3. Suppose -5*b - 6*u + 6 = -2*u, -5*u + 28 = -4*b. List the prime factors of q(b).
47
What are the prime factors of ((-3233)/3 + 1)/((-428)/642)?
5, 17, 19
List the prime factors of 2/6 + 39200/30.
1307
Suppose -3*r - 3*w = -5*w - 293, 4*r + 5*w = 383. Suppose 0 = -3*d + 59 + r. What are the prime factors of d?
2, 13
Let z(y) = y**3 + 4*y**2 - 2*y + 18. What are the prime factors of z(-5)?
3
Let a(k) = k**2 - k + 2. List the prime factors of a(-3).
2, 7
List the prime factors of 5 - -3*452 - -3.
2, 11, 31
Suppose -11*s + 7200 = 1876. Suppose 3*f - 2*z = 2*z + s, -645 = -4*f + 5*z. What are the prime factors of f?
2, 5
Let y(b) = b**2 - 2. Let i be y(2). Suppose 4*p - 114 = -5*s, -43 = -i*s - 0*p + p. Suppose -u = -2*u + s. What are the prime factors of u?
2, 11
Suppose 6*k = 81 - 27. Let d(v) = -v**3 + 13*v**2 - 11*v. What are the prime factors of d(k)?
3, 5
Suppose -148*j + 154*j = 5166. List the prime factors of j.
3, 7, 41
Suppose 5*s + 47 = 5*x + 357, 3*s = 4*x + 184. Let q = s - 3. List the prime factors of q.
61
Let f be ((-9)/18)/((-8)/(-208)). Let q(b) = 10*b + 2 - 2*b + b**2 - 11. List the prime factors of q(f).
2, 7
Let d(v) = v**3 - 20*v**2 - 19*v - 38. Let m be d(21). Suppose u + 158 = m*u - n, 0 = 2*u - 5*n - 88. What are the prime factors of u?
2, 3
Suppose 13*l = 3*l + 440. Let w = l + 77. What are the prime factors of w?
11
Let k(t) = -2*t + 14*t + 4*t + 0*t + 26. What are the prime factors of k(9)?
2, 5, 17
Suppose g - 2166 = -k, g - 4*k = -7*k + 2156. List the prime factors of g.
13, 167
Let z(f) = 3*f**2 + 6*f + 6. Let h be z(-4). Let g be (-20)/6*h/5. List the prime factors of ((-27)/(-36))/((-1)/g).
3, 5
Suppose 5*i - 14 = c, 0 = -i - c - c + 5. Suppose 0 = 4*r + 2*h - i*h - 159, 5*r - 195 = 2*h. List the prime factors of r.
41
Let k(r) = 50*r**2 - 35*r - 97. List the prime factors of k(-5).
2, 83
Let g be (-56)/18 + (-1)/(-9). Let u = 75 - g. What are the prime factors of u?
2, 3, 13
List the prime factors of (9/(-15) - (-102)/10)*60.
2, 3
Let r be 20/8 - (-2)/4. Let l(w) = w**3 - 3*w**2 + 5*w + 2. List the prime factors of l(r).
17
Let h(x) = -6*x + 8. Let n be h(0). Suppose 0 = -6*u + n*u - 32. What are the prime factors of u?
2
Let l be (106 - -7)*(0 - -1). Let j(c) = c - 3. Let i be j(8). Suppose i*y - l = 12. List the prime factors of y.
5
Let c(t) = 3*t**2 + 17*t + 3. What are the prime factors of c(8)?
331
Suppose u - 76 = -2*d, -u + d + 3*d + 52 = 0. Let t be (-1 + 2 - 3) + 5. Suppose -t*a = a - u. List the prime factors of a.
17
What are the prime factors of (-663 - -8)*2/(6/(-3))?
5, 131
Let x = 2142 + -1133. List the prime factors of x.
1009
Let q(d) be the first derivative of 6*d**2 + 2. Let a be q(-2). Let m = a + 79. List the prime factors of m.
5, 11
Let u(p) be the third derivative of p**5/60 - p**4/8 - 2*p**3 - 14*p**2. Let i be u(7). Suppose -v = -i - 7. List the prime factors of v.
23
Let p(l) = 5*l**2 + 26*l + 15. List the prime factors of p(-14).
631
Let a = -59 + 61. Suppose -5 - 102 = -p + 3*u, -a*p = -5*u - 216. What are the prime factors of p?
113
Let x = -126 + -199. List the prime factors of 5/(x/(-10)) + (-2570)/(-26).
3, 11
Let r be (9/18)/(2/(-484)). What are the prime factors of 3/(r/31 - -4)?
31
Let d(q) = -7*q**3 - q**2. Let f be 12/9*(-6)/4. What are the prime factors of d(f)?
2, 13
Let y = 162 - 93. What are the prime factors of y?
3, 23
Suppose -15 = d - 5*m, 3*m - 20 = -m. Suppose 205 = v + 2*r + d, 4*r + 535 = 3*v. What are the prime factors of v?
5, 37
Let l(u) = -u**2 + 11*u - 1. Suppose 4*a - 2*a - 20 = -3*z, 3*z + 50 = 5*a. List the prime factors of l(a).
3
Let c(h) = h**2 + 12*h + 14. Let s be c(-11). Suppose -q + 0*q = s. What are the prime factors of (-1)/4*q*28?
3, 7
Let p be 668/(-1 + 5) - (6 - 2). Let c = 3 + p. What are the prime factors of c?
2, 83
Let a(h) = -44*h + 103. List the prime factors of a(-15).
7, 109
Suppose 0 = v + 4 + 2. Let n = -360 + 351. Let y = v - n. List the prime factors of y.
3
Let m(p) = -4*p**3 - 5*p**2 - 2*p + 2. Let k be (-6)/(-12) - (-3)/2. Suppose -g - 4*d - 23 = 0, -k = 4*g - 0*g - 2*d. What are the prime factors of m(g)?
71
Let s(k) be the third derivative of -k**5/60 - 2*k**4/3 + k**2. Let u = 467 - 477. What are the prime factors of s(u)?
2, 3, 5
What are the prime factors of (72/(-30) + 4)/((-2)/(-660))?
2, 3, 11
What are the prime factors of ((-2)/(-3))/(-4*2/(-5184))?
2, 3
Let q = -24 - -460. What are the prime factors of q?
2, 109
Let f be 12/36 - 22/(-6). Let b be (-2)/f + 14/4. Suppose 0 = 5*l + b*q - 235, 0*l = -2*l + 3*q + 115. What are the prime factors of l?
2, 5
Suppose 2*w + 3 = 3*w + o, 21 = 2*w - o. Suppose 2*f + w = 0, x + 2*f = 6*f + 86. List the prime factors of x.
2, 5, 7
Let r = 489 + -203. What are the prime factors of r?
2, 11, 13
List the prime factors of -4 - (-126)/35 - (-3177)/5.
5, 127
Let r = -19 - -24. List the prime factors of 2/r + 11/(110/1076).
2, 3
Suppose 36*w - 292 = -112. Let n = 228 - 123. Suppose 3*d + 4 - 49 = -3*m, 0 = w*m - d - n. List the prime factors of m.
2, 5
Let b be (-2 + 0)*7/(-7). Suppose -4*g + b*k + 2 = 0, 3*k - 7 = -4*g - 0*k. List the prime factors of -1 + 42*g/2.
2, 5
Let t = 791 + -53. List the prime factors of t.
2, 3, 41
Let k = 451 - 118. List the prime factors of k.
3, 37
Let q be 1 + -3 + 2 - 3/(-1). Let n(t) = 11*t**2 - t - 5. List the prime factors of n(q).
7, 13
Let t(n) = -n + 12. Let r be t(8). Suppose -r*d = 5*o - 0*o - 81, -3*o + 60 = 3*d. Suppose -s + 2*p + d = 0, 0 = -4*p + p + 12. List the prime factors of s.
3
Let v(b) = -9*b**2 - 364*b + 7. What are the prime factors of v(-11)?
2, 3, 487
Let h be 4/(-14) - (-408)/7. Suppose 3*n = -4*l - h, -2*n + 1 = 3*l + 40. What are the prime factors of 23/(-3*3/n)?
2, 23
Let v = 22 - -332. List the prime factors of v.
2, 3, 59
Let i(q) = -396*q - 583. What are the prime factors of i(-5)?
11, 127
Suppose 4*y + 54 = 166. Suppose y + 58 = 2*o - 5*t, 3*t + 215 = 5*o. What are the prime factors of o?
43
Suppose 4*j + 4*q - 128 = -48, q = -5. Suppose 0 = -7*s + 3*s + 20. Suppose s*y = j, 4*y + 3 = 4*x - 5. What are the prime factors of x?
7
Suppose 1272 = 13*q - q. Let o = q - 86. List the prime factors of o.
2, 5
Suppose -3 = -22*x + 25*x. List the prime factors of x/((-8)/(-16)*2/(-137)).
137
Suppose -8*v - 6 = -11*v. Suppose -6*b + 4*b - v = 0. List the prime factors of 14*14*b/(-4).
7
Suppose 0 = -k + 6*k + o - 118, -o = k - 26. Let r = k - 28. Let l = 16 - r. List the prime factors of l.
3, 7
Let x = -9 - -25. Let t = x - 14. Suppose 4*j - 86 = t*j - 2*f, -4*f - 80 = -2*j. List the prime factors of j.
2, 3, 7
Let q = -2469 - -4034. What are the prime factors of q?
5, 313
Suppose -8*q + 11 = -5. List the prime factors of q*(2*41 + (-4)/(-4)).
2, 83
What are the prime factors of 19/((4/10)/((-144)/(-45)))?
2, 19
Suppose 4*k - 69 = 3*k. Suppose g - 24 = k. List the prime factors of g.
3, 31
Suppose -2*l + 2*w + 14 = 0, -2*w = 3*l - l - 26. Let c = 12 - l. Let y(u) = 27*u - 4. What are the prime factors of y(c)?
2, 5
Let j = 12 + -46. What are the prime factors of (-838)/(-8) + (j/(-8) - 5)?
2, 13
Suppose 2*n - 5 - 21 = 0. Let q = 18 - n. Suppose -s + 0*s + 242 = q*h, 3*s - 236 = -5*h. List the prime factors of h.
7
Let x(z) = -3 - z**3 - 2*z**3 - 3*z + 2*z**3 - 4*z**2. Suppose 0 = -3*j - 5*n - 22, -4*j + 3*j + 6 = -5*n. List the prime factors of x(j).
3
Suppose -x = -4*x - 5*i + 21, 12 = 3*x + 2*i. Let t(w) = 15*w + x*w - 5 + 3. List the prime factors of t(2).
2
Let p = 649 - 13. List the prime factors of p.
2, 3, 53
Suppose 50 = 8*x - 46. Suppose x = p - 86. List the prime factors of p.
2, 7
Let u(r) = -12*r**